34*q(a) + 6*z(a). What is t(-1)?
-12
Let n(k) = -k**3 - 2*k**2 + 4*k. Let c(t) = -65*t - 845. Let h be c(-13). Determine n(h).
0
Suppose -152 = -2*q - 30. Let a = -59 + q. Let n(o) be the second derivative of -o**5/20 - o**4/6 + o**3/2 - o**2 + 22*o. Give n(a).
-12
Let o(x) = 19*x**2 + 2*x + 1. Suppose -4*q - 2*v - 20 = 0, q + 0*q - 9 = 3*v. Let g be -8 + 20*6/24 + -1. Let c be g/(-36)*3*q. Calculate o(c).
18
Let b be 14 - 2*(-1)/(-2). Let n(g) = -3*g - 1 + b*g - g**2 - 4. Let l = -245133 - -245142. Determine n(l).
4
Let n(v) = -6*v**2 + 28*v - 13. Let k(w) = w**2 - 5*w + 1. Let s(m) = 5*k(m) + n(m). What is s(-7)?
-78
Let g(r) be the first derivative of -r**4/4 - 5*r**3/3 - 2*r**2 - 5*r - 8. Suppose d + 18 = -4*q, 4*q + 5*d + 31 = 5. What is g(q)?
-5
Let l(v) = -5239*v + 5236*v - 6 + 3 + 4. Let t(w) = 2*w + 4. Let f be t(-4). Let g(h) = -h**2 - 3*h + 1. Let r be g(f). Give l(r).
10
Let t(l) = 4*l - 61. Let a be t(16). Let j be (-3 - a)/(6/4). Let c(o) = o**2 + o - 2. Give c(j).
10
Let k = 159 + -38. Let z(s) = 238*s + 2 - 116*s - k*s. What is z(-6)?
-4
Let n(u) = 850*u**3 + 19*u - 11*u - 427*u**3 - 424*u**3 - 12*u**2. What is n(-13)?
65
Let b(a) = a + 420 - 420. Let c = -70 - -64. Give b(c).
-6
Suppose 52*m = 44*m + 72. Let c(v) = -2*v**2 + 18*v + 16. What is c(m)?
16
Suppose 4*q - a - 74 = 0, -2*q + 60 = q - 3*a. Suppose -q - 134 = -4*g. Let d = -35 + g. Let s(w) = w**2 + 1. Give s(d).
10
Let j be (14 + -4)*(23/5 + -1). Let a(g) = -j*g**3 - 34*g**3 + 4*g**2 + 69*g**3 - 3*g. Calculate a(2).
2
Suppose -7*t + 25 = -12*t, 0 = 3*c - 2*t + 14. Let f(h) = -5*h**2 + h + 4. Let v(y) = 14*y**2 - 2*y - 12. Let g(o) = c*f(o) - 3*v(o). Give g(3).
-20
Let k(p) = -5*p - 118. Suppose 0*d = 4*d + 88. Let r be k(d). Let s(l) = l**3 + 9*l**2 + 7*l - 2. Determine s(r).
6
Let g(n) be the third derivative of -n**7/840 + n**6/36 - n**5/15 - 5*n**4/12 + 5*n**3 + 28*n**2. Let p(w) be the first derivative of g(w). What is p(9)?
-1
Let v be ((-48)/15 - 2/(-10)) + 15. Let l(x) = 4 - 6*x - 8*x + v*x + 0*x. What is l(-3)?
10
Let x(u) = 11*u + 51*u + 17*u + 8*u - 3*u**2 - 72*u + 21. What is x(6)?
3
Let b be ((-2)/2)/((-10)/50). Let p(h) = 2*h**2 - 10*h. What is p(b)?
0
Let t(m) = -2*m**3 + 2*m**2 + 2*m + 1. Let k be t(-1). Let r(c) = 2*c + 3 - k*c - 2 + 3. Let y be 2059/290 - 1/10. Determine r(y).
-3
Let d(f) = -18*f**2 - 11*f + 35. Let o(h) = -11*h**2 - 6*h + 18. Let g(q) = 3*d(q) - 5*o(q). Give g(0).
15
Let v(g) = 2*g**3 - 2*g**2 + 2*g - 6. Let u be ((-565)/(-45) + -13)*(-27)/6. What is v(u)?
6
Let k(i) = 3*i**3 + 97*i**2 + 32*i - 6. Let d be k(-32). Let s(q) be the third derivative of q**5/60 + q**4/4 - q**3 + 2*q**2. What is s(d)?
-6
Let j(g) = 7 - 7*g**2 + 6*g**2 + 6 + 12708*g - 12712*g. Give j(-7).
-8
Let i(k) = -7740*k**2 + k + 9 - 43 + 7741*k**2 + k**3. Determine i(0).
-34
Let r = -3 - 2. Let j(o) = -o - 2. Let w(d) = 2*d + 5. Let b(q) = r*j(q) - 3*w(q). Let n(l) = 6*l**2 - 389*l + 325. Let c be n(64). Give b(c).
-10
Suppose -33*q + 31*q - 3*j = -71, -2*q + 4*j = -106. Let f(g) = -25 + 10 - 2*g + q. Calculate f(15).
-2
Let o(r) = -r - 51. Let j be 510/(-24) + (-5)/(-20). Calculate o(j).
-30
Suppose 0 = 5*q - 15*f - 85, -49*q + 48*q + 2*f = -13. Let x(c) = -4*c + 22. Give x(q).
2
Let d(n) = 36*n + 17. Let u(m) = -18*m - 6. Let o(l) = 2*d(l) + 5*u(l). What is o(-3)?
58
Let w(j) = 4*j**2 - 3*j + 5. Let z(b) = -17*b**2 + 11*b - 20. Let x(v) = 9*w(v) + 2*z(v). Let n = -152 - -156. Determine x(n).
17
Let m(g) = g**3 + 3*g - 2*g**2 - g**2 - 5*g. Let o(f) = f**3 + 10*f**2 - 26*f - 3. Let t be o(-12). Let h be 54/t - (6 - 225/35). Determine m(h).
-6
Let q = -7561 - -7557. Let z(a) = -a**2 + 25*a + 122. What is z(q)?
6
Let b(t) = -4*t - 13. Let h be b(-3). Let m be 0 + h + 1 + 2. Suppose 5*d = -x + 5*x + 52, -10 = -2*d - m*x. Let w(v) = -v + 15. What is w(d)?
7
Let o(k) = -2*k**3 - 34*k**2 + k + 12. Let p be o(-17). Let u(b) = b**3 + 5*b**2 - b + 2. Let w be u(p). Let m(d) = -d**2 + 5*d + 3. Determine m(w).
-11
Let g(t) be the first derivative of -t**4/4 + 7*t**3 - t**2/2 + 17*t + 2697. Determine g(21).
-4
Let d(f) = 5*f - 15. Let t be (-6216)/(-2849)*22/4. What is d(t)?
45
Let t(q) = -80*q - 5. Let s(x) = -57*x - 4. Let w(a) = -7*s(a) + 5*t(a). What is w(-1)?
4
Let q(i) = -11*i**3 - 7*i**2 + 4*i + 11. Let l(s) be the first derivative of 5*s**4/4 + s**3 - s**2 - 5*s - 26. Let g(j) = -9*l(j) - 4*q(j). Determine g(2).
1
Let d(y) be the first derivative of 2*y**3/3 + 688. Give d(1).
2
Let i(m) = -m**3 + 4*m**2 + 5*m - 3. Suppose -3*h - b + 4 = -2*h, 5*h = 2*b + 27. Suppose 3*t + 18 = 2*f + 5, -10 = -f + h*t. What is i(f)?
-3
Suppose 5*f - 25 = -0*f - 3*t, 11 = 2*f + t. Suppose -f*s = -5*s - 3*p - 24, -4*p = 8. Let n(b) = -b - 1. Calculate n(s).
-7
Suppose -2*k + 1 = -4*o - 1, 0 = 5*k - 3*o + 23. Let g(b) be the third derivative of 1/4*b**4 + 1/60*b**5 + 2/3*b**3 + 0*b + 44*b**2 + 0. Determine g(k).
11
Let r(y) = -y**3 + 4*y**2 + y - 3. Let p be r(3). Let m be (1/4)/((-6)/(-96)) + 6. Let t(v) = 2 - m*v**2 - 1856*v + 1867*v - 10 + v**3. Determine t(p).
10
Suppose 7*w + 5*k = 102 + 66, w + 56 = 5*k. Let g(n) be the first derivative of -n**4/4 + 5*n**3 - 8*n**2 + 8*n - 1. Determine g(w).
-20
Let c(n) = 4*n**2 + 15*n - 97. Let m(u) = 2*u**2 + 8*u - 51. Let q(j) = -5*c(j) + 9*m(j). Determine q(5).
-39
Let a(z) be the second derivative of z**4/12 - z**3 - z. Suppose 2*q - 83 = 3*d, -2*d - 25 = 3*d. Suppose 4*w + q = 3*l, -l - l = -w - 16. Give a(l).
0
Let k(u) = 52*u + 51*u - 143*u + 39*u. Suppose -4*f + 12*f = 40. Suppose d + 1 = 0, -2*b + f*d + 10 = -3. Give k(b).
-4
Let r(u) = -121*u + 57*u + 65*u. Let v = 1221 - 1226. Give r(v).
-5
Let w(u) = 15 - 43*u**2 - 51*u**2 - 4*u**3 - 2*u - 7 + 5*u**3 + 102*u**2. Give w(-7).
71
Suppose 7*v = -17 + 59. Let g(y) = -3*y + 7. Let k(q) be the first derivative of -q**2/2 + 3*q + 4. Let t(z) = v*g(z) - 13*k(z). Give t(5).
-22
Let h(j) = j**2 - 8. Let f be h(6). Let t be f/(-8)*(-2)/(-1). Let y(q) = 11*q**2 - 15*q + 24. Let p(w) = 2*w**2 - w + 3. Let k(u) = -6*p(u) + y(u). Give k(t).
20
Let k(m) = -168*m - 2187. Let x be k(-13). Let r(o) = 6*o**2 + o + 5. Give r(x).
56
Let h be (((-468)/24)/39)/(3/(-30)). Let w(b) = -2*b**2 + b + 41. What is w(h)?
-4
Let c(w) = -2*w + 2. Let u(z) = 6*z + 38. Let v be u(-7). Let m be 2 + -1 + -5 + -3 - v. Calculate c(m).
8
Let u(w) = -5881 + 3*w + 11751 - 5878 + w**3 - 6*w**2. Let j(p) = p**3 - 7*p**2 + 7*p + 2. Let x be j(6). Suppose -x = -3*f + 10. Determine u(f).
10
Let l(c) = c + 8. Let h(i) = i**2. Let d = 92 + -95. Let g = 3 + d. Let k be h(g). What is l(k)?
8
Suppose 0 = -c - 15 + 21. Let z(p) = -13*p + 4. Let x(y) = -7*y + 2. Let a(f) = c*z(f) - 11*x(f). Give a(7).
-5
Let k(d) = 1235*d + 1222. Let b be k(-1). Let v(o) = 4 - o**3 - 15*o - 7 - 9 - 14*o**2. Calculate v(b).
14
Let o be (-20)/16*-4*(-4 - -2). Let c be 78/(-65)*o/(-4). Let p be (c/5)/(1/10). Let r(s) = s**3 + 7*s**2 + 6*s + 7. Give r(p).
7
Let l = 5 + -2. Let u(q) = -5*q**2 + 9*q + 0 + q**l + 1 - 3*q**2. Let z = -815141 + 815148. Determine u(z).
15
Let s(h) be the second derivative of -43*h**4/6 + h**3/3 + 1526*h. Calculate s(-1).
-88
Suppose -5*i - 3 = -8. Let y(a) = -13*a - i + 6 - 9*a - 4 + 21*a. What is y(-4)?
5
Let d = -96333 + 173590. Let c(a) = -d + 77257 + 4*a. Give c(-1).
-4
Let r(b) = -10*b - 2*b - 3*b**2 - 4*b**3 + 5*b**3 + 0*b**3 + 15*b. Determine r(2).
2
Let s = 7867 - 7881. Let y(f) = -f**3 - 13*f**2 + 12*f - 4. Determine y(s).
24
Let w(q) = -10*q - 560 - q**3 + 1115 + 4*q - q**2 - 562. Determine w(-4).
65
Let i(u) = u**2 + 9 - 4*u - 2 - 2*u**2. Let v(b) = -2*b**2 + 25*b - 78. Let k be v(7). Let n be ((-53)/(-53))/(k/6). Calculate i(n).
-5
Let k(h) be the first derivative of h**3/3 + 2*h**2 + 11*h - 3027. What is k(0)?
11
Let w(m) = m - m**2 - 2 + 6*m - 3*m. Let n be ((10 - 5) + -6)*-5. Suppose 10 = 2*y + 3*y - n*d, -4*d = 3*y - 13. What is w(y)?
1
Let v(q) = 16 - 19 + 22 - 11 + 18*q - 37*q. Calculate v(6).
-106
Let w(p) = -p**2 + 6*p + 8. Suppose 5*b - 3 = -2*k + 8, 30 = 4*k + 2*b. Let s be w(k). Let v(a) = 3*a**2 - 7 - 2*a**2 + 0*a**2 + 9*a. What is v(s)?
-15
Let l(m) = m**2 - 3*m - 3. Suppose 8*u = -11*u + 14 + 43. Calculate l(u).
-3
Let c(f) be the first derivative of -f**3/3 - 9*f**2/2 - 6*f - 1. Let x = -244 + 239. Let k